6
Let f(c) = c**2 + 48*c + 63. Give f(-47).
16
Let t(l) = -2*l**2 + 7*l - 6. Calculate t(4).
-10
Let m(z) = 13*z**2 - z + 2. What is m(-2)?
56
Let w(b) = -b**2 + 10*b - 62. What is w(-8)?
-206
Let v(q) = -6*q**2 + 3*q + 2. Determine v(-3).
-61
Let v(i) = i**2 - 8*i - 1. What is v(4)?
-17
Let s(g) = -18*g**3 + 2*g**2 - g - 1. Give s(1).
-18
Let g(r) = -26*r + 8. What is g(-1)?
34
Let j(g) = -g - 4. Give j(3).
-7
Let f(g) = -g**3 + 15*g**2 + 23*g + 183. What is f(17)?
-4
Let j(k) = -33*k - 6. What is j(2)?
-72
Let r(a) = 4*a - 49. Calculate r(-7).
-77
Let d(a) = 21*a - 206. Give d(7).
-59
Let g(p) = p**3 - p**2 - 2*p - 4. What is g(2)?
-4
Let j(s) = s**3 - 11*s**2 - 18*s + 327. Determine j(9).
3
Let w(k) = -k + 11. Calculate w(11).
0
Let o(s) = 7*s + 2. What is o(1)?
9
Let x(w) = -7*w**2 + 34*w + 10. Give x(5).
5
Let s(k) = -k**3 + 8*k**2 - k + 7. Calculate s(8).
-1
Let j(x) = x**2 + 11*x + 31. What is j(-8)?
7
Let a(w) = 2*w**3 + w - 2. Determine a(1).
1
Let o(n) = -35*n - 34. Calculate o(-1).
1
Let j(p) = -7*p**2 + 4*p + 2. Give j(3).
-49
Let p(w) = -w**3 - 11*w**2 + w + 2. What is p(-11)?
-9
Let n(l) = 4*l**2 - 23*l - 11. Calculate n(6).
-5
Let l(f) = f**3 - f**2 - 8*f + 12. Give l(-3).
0
Let w(q) = -3*q + 10. Give w(2).
4
Let t(n) = 30*n - 11. Calculate t(-4).
-131
Let s(o) = -5*o**3 + 2*o - 1. What is s(1)?
-4
Let g(c) = 18*c + 50. What is g(11)?
248
Let l(a) = 4*a**2 - 39*a + 15. Calculate l(10).
25
Let v(j) = j - 1. What is v(-2)?
-3
Let k(u) = -u**2 - 8*u + 32. Give k(-11).
-1
Let z(b) = -b**3 - 17*b**2 - 6*b + 4. What is z(-17)?
106
Let q(h) = h**2 + 3*h - 61. Calculate q(-9).
-7
Let y(v) = v**2 + 3*v + 9. Give y(-5).
19
Let u(c) = c**2 + 4. What is u(-2)?
8
Let g(o) = o**2 + 16*o - 6. Give g(-16).
-6
Let c(k) = -6*k + 5. Calculate c(10).
-55
Let l(w) = 2*w**2 + 49*w + 32. What is l(-24)?
8
Let i(v) = -5*v**2 - 56*v + 12. Determine i(-12).
-36
Let x(y) = y - 14. What is x(-7)?
-21
Let m(g) = 10*g + 1. What is m(1)?
11
Let o(k) = k**3 + 5*k**2 + 2*k - 5. Determine o(-3).
7
Let a(c) = 2*c**3 - c**2 - 9*c + 6. Give a(3).
24
Let u(p) = -p**3 - 10*p**2 + 3*p + 39. What is u(-10)?
9
Let g(d) = 8*d + 5. Determine g(-1).
-3
Let b(c) = 2*c**2 - 12*c + 18. Give b(2).
2
Let x(j) = 215*j + 213. Calculate x(-1).
-2
Let c(a) = 7*a - 38. Calculate c(11).
39
Let d(f) = -2*f**3 + 3*f**2 - 10*f + 3. Give d(4).
-117
Let z(g) = g**3 - 9*g**2 + 20*g - 16. What is z(6)?
-4
Let i(k) = -k**2 - 10*k - 12. Determine i(-8).
4
Let j(t) = t - 14. What is j(23)?
9
Let w(t) = 13*t - 14. Determine w(2).
12
Let d(g) = g**2 - 2. What is d(3)?
7
Let y(n) = -n**3 - 18*n**2 + 62*n - 25. Give y(-21).
-4
Let l(f) = -f - 12. What is l(0)?
-12
Let h(a) = a**3 + 5*a**2 - 22*a + 12. What is h(-8)?
-4
Let h(o) = -6*o - 64. Determine h(-14).
20
Let n(j) = -3*j + 7. Give n(-3).
16
Let c(v) = 12*v + 269. Determine c(-25).
-31
Let a(r) = -19*r**2 + 12*r + 1. Calculate a(1).
-6
Let b(z) = -2*z**3 - 18*z**2 + 3. Determine b(-9).
3
Let y(h) = h**2 + 19*h - 293. Give y(-29).
-3
Let c(n) = -29*n + 37. What is c(2)?
-21
Let s(a) = -2*a**2 - 10*a - 9. What is s(-5)?
-9
Let b(f) = f**3 + 3*f**2 - 9*f - 6. Determine b(-6).
-60
Let a(h) = h - 28. Calculate a(11).
-17
Let z(a) = 8*a + 39. What is z(-5)?
-1
Let z(c) = c**2 - 12*c - 10. Give z(9).
-37
Let u(d) = -11*d - 383. Determine u(-35).
2
Let x(v) = -v**3 + 4*v**2 + 6*v + 7. Determine x(5).
12
Let y(v) = -2*v + 7. What is y(6)?
-5
Let t(o) = 12*o - 6. What is t(1)?
6
Let a(n) = 2*n - 51. What is a(28)?
5
Let t(i) = -17*i - 1. Give t(-3).
50
Let q(a) = -a**3 - 4*a**2 - 4*a. Determine q(-2).
0
Let w(s) = -s**3 + 4*s**2 - 2*s - 2. What is w(4)?
-10
Let x(s) = 2*s**2 - 2*s + 27. Give x(0).
27
Let k(q) = -q**3 + 9*q**2 - 15*q + 5. Determine k(7).
-2
Let z(y) = y**2 - 10*y - 41. What is z(12)?
-17
Let w(g) = -3*g**3 + 3*g**2 + 3*g + 3. Calculate w(3).
-42
Let v(p) = -3*p - 11. Give v(8).
-35
Let g(l) = -4*l**3 + 2*l**2 + 5*l - 6. Give g(2).
-20
Let w(d) = d**2 - 7*d + 15. Calculate w(5).
5
Let o(x) = -x**3 + 13*x**2 - 34*x - 13. Give o(9).
5
Let s(c) = -8*c - 122. Determine s(-14).
-10
Let d(f) = -f**2 + 21*f + 45. Give d(23).
-1
Let w(g) = g**3 + 10*g**2 + 8*g - 13. What is w(-9)?
-4
Let z(l) = -3*l - 9. Give z(-5).
6
Let m(n) = n**3 - 10*n**2 - 11*n - 11. What is m(11)?
-11
Let y(o) = 4*o + 37. Determine y(-11).
-7
Let q(k) = k**3 + 10*k**2 + 8*k - 5. Determine q(-9).
4
Let r(f) = -f**2 - 12*f - 24. Determine r(-8).
8
Let x(u) = -6*u - 61. Calculate x(-11).
5
Let k(g) = -g**2 + 10*g - 21. Determine k(7).
0
Let x(q) = q**2 + 10*q - 13. Give x(-11).
-2
Let x(h) = h**3 + 2*h**2 - 4*h + 1. Give x(-4).
-15
Let m(t) = -t**2 - 4*t + 9. Determine m(3).
-12
Let z(c) = -c + 13. What is z(5)?
8
Let s(n) = -2*n**2 - 4*n - 9. Calculate s(-3).
-15
Let p(l) = 5*l**3. Determine p(1).
5
Let c(u) = u**3 - 6*u**2 - 13*u + 12. Calculate c(8).
36
Let m(p) = -4*p + 1. Give m(-6).
25
Let j(y) = -30*y - 2. Give j(1).
-32
Let m(g) = 47*g + 9. Give m(2).
103
Let d(h) = 3*h + 14. What is d(-8)?
-10
Let u(g) = -15*g - 75. Calculate u(-9).
60
Let u(a) = a**3 - 5*a**2 + 10*a - 7. Calculate u(4).
17
Let v(u) = 3*u**2 + 13*u + 12. Determine v(-4).
8
Let t(u) = u**2 + 7*u + 8. Calculate t(-5).
-2
Let u(q) = q**2 + q - 12. Determine u(-4).
0
Let f(l) = 3*l + 44. Calculate f(-14).
2
Let q(n) = n + 50. What is q(-16)?
34
Let l(p) = -3*p + 24. What is l(0)?
24
Let j(b) = -b**3 - 13*b**2 - 2*b - 19. What is j(-13)?
7
Let g(x) = 3*x - 12. What is g(6)?
6
Let f(l) = -10*l**2 + 38*l. Give f(4).
-8
Let s(z) = -4*z + 10. Give s(3).
-2
Let s(k) = k**2 + 10*k - 63. Determine s(-14).
-7
Let o(t) = 21*t + 9. Calculate o(-4).
-75
Let r(m) = m**3 + 4*m**2 + 92*m + 181. Give r(-2).
5
Let t(x) = x**3 + 10*x**2 + 11*x - 8. Calculate t(-9).
-26
Let m(r) = -r. Determine m(-4).
4
Let n(v) = 20*v - 1. What is n(-1)?
-21
Let i(z) = z**2 - 12*z + 17. Give i(5).
-18
Let r(f) = -f**2 - 28*f - 40. What is r(-28)?
-40
Let h(z) = -11*z - 19. What is h(-13)?
124
Let i(u) = 15*u - 51. Determine i(3).
-6
Let h(f) = -f**3 + 7*f**2 + 18*f + 3. Give h(9).
3
Let p(c) = c**3 + 2*c**2 - 2*c + 13. What is p(0)?
13
Let y(h) = 5*h - 68. Give y(4).
-48
Let c(z) = 11*z - 4. Determine c(3).
29
Let q(v) = v**3 + 10*v**2 + 7*v + 11. Calculate q(-9).
29
Let p(g) = 7*g**2 - 15*g - 7. Give p(3).
11
Let c(y) = -y**3 - 12*y**2 - 29*y - 7. What is c(-3)?
-1
Let x(m) = -m**3 + 11*m**2 + 13*m - 33. Determine x(12).
-21
Let s(y) = 2*y**3 + 33*y**2 + 14*y - 17. Give s(-16).
15
Let b(f) = -6*f - 4. Calculate b(-2).
8
Let x(l) = 2*l - 5. What is x(-7)?
-19
Let g(t) = -t**2 - 5*t + 31. Calculate g(3).
7
Let j(w) = -2*w**2 - 3*w - 1. Give j(-2).
-3
Let x(s) = s**3 + 8*s**2 - 8*s + 7. Determine x(-9).
-2
Let s(z) = z**3 + 12*z**2 + z + 2. Give s(-12).
-10
Let a(d) = -46*d - 317. Give a(-7).
5
Let h(p) = -20*p + 193. Determine h(10).
-7
Let r(g) = -2*g - 44. Determine r(-23).
2
Let q(w) = w**2 - 5*w - 18. What is q(7)?
-4
Let r(o) = 2*o**2. What is r(-1)?
2
Let v(z) = -3*z**3 - z**2 + 11*z - 4. What is v(-3)?
35
Let k(g) = -10*g + 65. Determine k(12).
-55
Let z(v) = v**3 - 6*v**2 + 7*v - 4. Calculate z(4).
-8
Let b(l) = -l**2 + 6*l + 39. What is b(11)?
-16
Let o(l) = -l**2 + 3*l + 1. Give o(6).
-17
Let h(x) = x**3 + 11*x**2 + 10*x + 8. Determine h(-10).
8
Let k(g) = 2*g**2 + 16*g - 5. Calculate k(-8).
-5
Let f(b) = b**3 + 11*b**2 + 20*b - 3. Give f(-9).
-21
Let r(l) = -l**3 - 5*l**2 - 3*l - 1. Give r(-2).
-7
Let g(n) = 22*n**2 - 2*n - 2. Calculate g(-1).
22
Let k(v) = 5*v**3 + 4*v**2 + 6*v + 3. Determine k(-2).
-33
Let l(h) = h**2 - 6*h - 17. Calculate l(9).
10
Let j(o) = -2*o**2 + 2*o - 86. Give j(0).
-86
Let s(y) = -4*y - 29. Calculate s(-21).
55
Let w(l) = -4*l**2 + 6*l - 5. Determine w(1).
-3
Let z(t) = -t**3 + 6*t**2 + 3*t + 10. What is z(7)?
-18
Let t(g) = 2*g. Determine t(7).
14
Let l(i) = 2*i**2 + 77*i + 34. Calculate l(-38).
-4
Let d(h) = -2*h - 6. Calculate d(-8).
10
Let m(r) = r**3 + r**2 + r + 5. Calculate m(0).
5
Let b(w) = w**3 - 7*w**2 + w - 27. Give b(7).
-20
Let k(u) = u**3 + 2*u**2 + u + 1. Give k(-2).
-1
Let x(k) = 5*k + 101. What is x(-17)?
16
Let l(u) = 2*u + 27. Give l(-22).
-17
Let p(f) = f**2 + 10*f + 22. Determine p(-6).
-2
Let q(s) = 3*s + 52. Give q(-7).
31
Let z(h) = -h - 2. Give z(-9).
7
Let y(r) = 5*r + 